*u**3 + 5. Let z(o) be the third derivative of y(o). What is z(2)?
4
Let f(b) = 80*b**2 + 3*b + 94. Let k(d) = 402*d**2 + 14*d + 454. Let g(y) = 29*f(y) - 6*k(y). What is g(-1)?
-93
Let x be 54/(-45)*(-10)/3. Let y(i) = -i**3 - 6*i - 3*i**2 + 2*i**3 + x*i**2 - 5*i**2. Let a = -533 + 538. Give y(a).
-5
Let q(j) = -j**3 + j**2 - j + 14. Suppose -772 = -3*v + 7*v. Let h = v + 193. What is q(h)?
14
Let c(r) be the first derivative of -r**4/4 - 5*r**3/3 + 3*r - 21. Let k be c(-5). Let h(x) = 12*x - 4*x**2 - 1 + 3*x**2 - 14*x - 18*x**k. What is h(-1)?
18
Let x(g) = g**3 - 4*g**2 + g. Suppose -24 = -3*z - 4*v, 2*z - 2 - 3 = v. Let a(d) = 21*d - 76. Let l be a(4). Suppose l = z*t - 2*t. Calculate x(t).
4
Suppose 3*z + 2*w + 3*w = 27, 3*w = -4*z + 25. Let v(n) = z*n - 6*n - 5 + 3*n. Let x(h) = -2*h**3 - 23*h**2 - 48*h - 21. Let a be x(-9). Calculate v(a).
1
Suppose 4*f + 22 + 6 = 0. Let z(l) = 16*l + 360. Let u(q) = 11*q + 256. Let i(x) = 7*u(x) - 5*z(x). Give i(f).
13
Let k(w) = -w**2 + 4*w + 2. Suppose 2*q + 2*x = -65 - 109, -2*q + 3*x - 199 = 0. Let f = q - -98. What is k(f)?
-10
Let s(l) = 6 + 8820*l - 17 - 8884*l + 6. Calculate s(1).
-69
Suppose -3*z + 10 = y - z, 5*y - 63 = 3*z. Let r be (-2)/(-4) + 54/y. Let s(h) = h + 4. Determine s(r).
9
Let g(w) be the third derivative of w**5/60 + 7*w**4/12 + 2*w**3 - w**2 + 196. What is g(-13)?
-1
Suppose -4*x - 16 = 4*w, 6*x + 4 = 3*w + x. Let q be (1 - 0) + (w - 0) + 54. Let t(b) = -q*b**2 - b**3 + 53*b**2 + 1 + 3*b. Calculate t(3).
-17
Let l = -288 - -290. Let h(c) = c**3 + c**2 - 1. Let a(s) = -2*s**3 - 4*s**2 - 4*s + 7. Suppose -5 = 5*q - 0. Let f(k) = q*a(k) - 4*h(k). Determine f(l).
-11
Let g(l) = -3*l**2 - 3*l - 3. Let x be (0 + (-2 - -5))/((-396)/264). Give g(x).
-9
Let v(z) = 3*z**2 - 73*z + 16. Let s(x) = 6*x**2 - 122*x + 30. Let c(n) = 3*s(n) - 5*v(n). Give c(-5).
90
Let k = 106 - 104. Let z(f) = 2*f**k + f**3 + 0*f**3 + 0*f**3 - 29 - f + 28. Determine z(-3).
-7
Let g = -9580 + 9581. Let n(m) = -45*m**2 + 2. Give n(g).
-43
Suppose -4*o + 21 = -43*b + 38*b, -21 = -3*o + 2*b. Suppose 0 = 5*l + 4*n - 27, -2*n - o = -4*l - n. Let x(i) = 2*i + 1 - 3 + 0. Determine x(l).
4
Let g(l) = -2*l**2 - 6*l - 2. Suppose -10 - 1 = -5*d - 3*y, 3*d + 4*y = 0. Let j be 168/(-20) + 4/10. Let x = d + j. Determine g(x).
-10
Let i(m) = 37*m - 31. Let a(y) = -505*y + 435. Let u(h) = 8*a(h) + 110*i(h). What is u(-6)?
-110
Let b(h) = -16*h**2 + 3*h**2 - 13*h**2 - 18*h**2 + 46*h**2 - 6*h. What is b(3)?
0
Let w(f) = -310*f**2 + 34*f + 139. Let t(m) = -177*m**2 + 17*m + 69. Let u(a) = -7*t(a) + 4*w(a). What is u(21)?
-11
Let s = -206 + 208. Let l(u) = u**2 - 1298 + s*u - 3*u + 1287. Let a = -7 + 7. Give l(a).
-11
Let w(s) = 25*s + 39*s - 10 + 21*s - 86*s. Let q = -3 - -3. Calculate w(q).
-10
Let a be 16 + -15 + (1 - -14). Let i(p) = -a*p + 6*p + 8*p + 2 + 3. Let w be (6/(-4))/(45/(-150)). What is i(w)?
-5
Let v(i) be the second derivative of -i**5/2 - i**4/12 + i**3/3 - i**2/2 + 276*i. Determine v(1).
-10
Let j(w) = w**2 - 25*w + 106. Let v be j(5). Let h(r) = 5*r**2 + 2 + v*r - 5 - 3*r + 1. Determine h(1).
6
Suppose 2*t - 2*z = 6, -4*t + 4*z - 5*z - 23 = 0. Let g(s) = -7*s - 30. Determine g(t).
-2
Let w(c) be the third derivative of -c**6/120 - c**5/6 - c**4/4 - 9*c**3/2 + 4023*c**2. Determine w(-10).
33
Let n(u) be the second derivative of -u**5/20 - u**4/2 - 2*u**3/3 + 5*u**2/2 - 46310*u. Let m = 6 - 3. Let z = -8 + m. Determine n(z).
0
Let a(j) = j**2 + j + 13. Let g(t) = 2*t**2 + 10*t + 28. Let o(l) = -a(l) + g(l). Calculate o(-4).
-5
Suppose -9*g = -3*m - 14*g - 12, -8 = 2*m + 3*g. Let l(r) = 12*r**2 + 13*r - 7. Let d(u) = 7*u**2 + 7*u - 5. Let s(z) = m*l(z) + 7*d(z). Calculate s(0).
-7
Let q(p) = 5*p**2 + 2*p - 1. Let k = 818 - 812. Suppose 4*r - 18 = j, 3*j - k = -0*r - 3*r. What is q(j)?
15
Let w(z) = 32*z - 164. Suppose -383 = -153*h + 382. Determine w(h).
-4
Suppose 30*u = 40*u + 10. Let w(o) be the second derivative of 25*o**3/6 + 39*o. Give w(u).
-25
Let g(v) = v**2 - 9*v + 15. Let j(y) = 55*y - 217. Let i be j(4). Calculate g(i).
-3
Let n(j) be the first derivative of -3*j**4/4 - 2*j**3/3 + j**2/2 + j - 32847. Let c be (2/3)/((-2)/6). What is n(c)?
15
Let v = -16280 + 16280. Let h(x) = -2*x - 46. Give h(v).
-46
Let w(g) = g**2 - 2*g - 3. Let n be (-72)/(-40) + 8/(-10). Let s be (n - (-15)/(-9))*3. What is w(s)?
5
Suppose -328 = -52*s + 192. Let z(o) = 7*o + 14. Let m(r) = 6*r + 14. Let c(d) = 6*m(d) - 5*z(d). Determine c(s).
24
Let n(v) = 0*v + 1 + 12 + v + 2 - 12 + 4. Let m be 4/2 - (0 - 3). Determine n(m).
12
Let g(l) be the third derivative of l**4/12 + 7*l**3/3 + 384*l**2. Let c be 3/2*(-60)/9. Give g(c).
-6
Let a(i) be the third derivative of 0 + 0*i - 6*i**2 - 1/6*i**3 + 1/24*i**4. Let l = 696 - 691. What is a(l)?
4
Let r(q) = 0*q**2 - 2*q + 6*q**2 - 17*q + 99*q - 3*q**2 + 52. Let l be r(-26). Let x(a) = a - 6. What is x(l)?
-6
Let d(q) = 5 - 5 - 3*q - 1. Let i = 1007 + -1004. Suppose 0*j - 15 = i*j. Calculate d(j).
14
Let n(p) = p + 5. Let g be ((-11 + 26)/(-15))/(1/(-5)). Give n(g).
10
Let z(n) be the first derivative of -n**5/20 - n**4/4 - 3*n**2/2 - 170*n + 139. Let p(b) be the first derivative of z(b). Determine p(-3).
-3
Let d(x) = -2*x + 4. Let v be (2 - -12)/(-1)*(-6)/7. Suppose y + v = 17. Give d(y).
-6
Let t = 2 + 6. Suppose -t*c + 4 = -4*c. Let l(b) = 26*b + 30*b + 28*b - 108*b + 23*b. Determine l(c).
-1
Suppose -q = -5*q + 24. Suppose -q*b + 9 = 279. Let o = b + 48. Let f(r) = r**2 - 3*r - 1. Calculate f(o).
-1
Let u(l) = -l**3 + 69*l**2 + 111*l - 2867. Let c be u(70). Let f(y) = 5*y - 24. Determine f(c).
-9
Suppose -8 = r + 5*g - 55, -4*r = 5*g - 113. Let y(a) = 8*a**2 + r - 7*a**2 - 25 + 4*a. Calculate y(-6).
9
Let w(d) = d**3 - d - 1. Let f(l) = -4*l**3 - 8*l**2 - 6*l + 10. Let p(z) = f(z) + 5*w(z). Suppose -3*g + r = -28, 2*g = -3*g - 3*r + 42. Give p(g).
-13
Let w(s) = -2*s**3 - 55*s**2 + 118*s - 4. Let f be w(2). Let c = 2 - -2. Let m(z) = z**2 + c + z + 2*z + 2*z + 0*z. Determine m(f).
0
Let f(u) = -2*u**2 - 7*u + 8. Suppose -3*s = -2*m - 9, 28 = -5*m + 14*s - 12*s. Give f(m).
-22
Let a = -24440 - -586561/24. Let b(d) be the third derivative of 1/3*d**3 - a*d**4 - 1/120*d**6 - 36*d**2 + 0*d + 0 + 1/15*d**5. Calculate b(3).
8
Suppose -108*o + 45 = -99*o. Let d(f) = -4*f**3 + 7*f**2 - 8*f + 26. Let k(r) = 3*r**3 - 8*r**2 + 6*r - 26. Let s(j) = o*k(j) + 4*d(j). Calculate s(-12).
-2
Let b be 1 + (8 - 1) + 12/(-2). Let d(j) = 1075*j + 2*j**2 + 1 - 2*j**b - 3*j**2 + 4*j**2 - 1079*j. Give d(2).
-3
Let x be (6/10)/(16/240*-3). Let w(y) = -y**3 - y**2 - 3*y - 8. Calculate w(x).
19
Let w(i) = -i**3 - 8*i**2 - 10*i - 9. Let z be 1/10 + (-177)/(-30). Suppose 3*o = 5*q - 28, -2 = -z*q + 5*q. Calculate w(o).
-21
Let p(g) = 17*g**2 - 3*g - 3. Let j be p(0). Let u(c) = c**2 + 3*c**3 - 2*c**2 - 24 + 25 - 3*c - 2*c**3. What is u(j)?
-26
Let c(q) = q - 7. Suppose -6*x + 511 = 169. Let o = -53 + x. What is c(o)?
-3
Let c(b) = b**2 - 18*b - 56. Let w(v) = 2*v**2 + 31*v + 5. Let j be w(-16). Let q be c(j). Let n(h) = h**3 - 6*h**2 - 8*h + 2. Calculate n(q).
-5
Let r be (13 + -12)*-2*1*2. Let q be r + 33/(-6) + (-3)/(-2). Let y = 3 + q. Let l(z) = z**3 + 5*z**2 + 3*z - 4. Calculate l(y).
-19
Let f = 466 + -461. Suppose l = -l + f*l. Let y(d) = -d**2 + 13. Calculate y(l).
13
Let z(s) = 95*s - 1415. Let d be z(15). Let l(c) = c**3 - 11*c**2 + 9*c + 22. Determine l(d).
12
Let b(l) = 7*l**2 - 3*l + 8. Suppose -278*h = -5*h - 294 - 798. Determine b(h).
108
Let a(g) be the second derivative of 9*g**5/10 + g**3/3 + g**2 + 2*g - 5096. Determine a(-1).
-18
Let o(x) be the second derivative of x**5/40 + x**4/12 + 29*x**3/6 + 30*x. Let w(y) be the second derivative of o(y). Suppose -p + 0*p - 2 = 0. Give w(p).
-4
Let s(v) = 5 - 42*v + 15*v + 22*v - 9 + 3*v. Determine s(5).
-14
Let i(z) be the third derivative of -z**5/60 + 5*z**4/24 + 4*z**3/3 + 3*z**2. Let j = -207 - -211. Let c be (3/7)/(j/56). What is i(c)?
2
Suppose -29*k + 0*k = -406. Let a(i) = 3*i - 6 - k - 6 + 21. Calculate a(-5).
-20
Let u(t) = -2*t - 29. Suppose 74 - 165 = 13*p. Determine u(p).
-15
Let x(v) = v**2 - 4*v. Suppose 2*p - 4 = -0*p. Let q be x(p). Let o(f) = -1. Let y(k) = 2*k + 5. Let n(b) = -2*o(b) - y(b). What is n(q)?
5
Let h(p) be the fir